{"id":890,"date":"2023-12-04T14:44:47","date_gmt":"2023-12-04T19:44:47","guid":{"rendered":"https:\/\/controlsatperu.com\/?post_type=product&#038;p=890"},"modified":"2025-07-14T18:25:31","modified_gmt":"2025-07-14T23:25:31","slug":"gps-4g-con-alarma-y-control-remoto","status":"publish","type":"product","link":"https:\/\/controlsatperu.com\/index.php\/producto\/gps-4g-con-alarma-y-control-remoto\/","title":{"rendered":"GPS 4G con alarma &#8211; Motos &#8211; Prepago"},"content":{"rendered":"<p>GPS &#8211; Alarma &#8211; Trabagas; 3 funciones en un solo dispositivo<\/p>\n<p>Rastreo en tiempo real.<br \/>\nReporte de recorridos diarios o de d\u00edas anteriores.<br \/>\nGeo-cercas: alertar\u00e1 cuando salga de la zona donde la dejaste.<\/p>\n<p>Apagado del motor desde la aplicaci\u00f3n m\u00f3vil en caso de robo o para estacionamiento seguro.<br \/>\nCorta corriente electr\u00f3nico.<a class=\"btn btn-more\" href=\"https:\/\/controlsatperu.com\/cortacorriente.html\"><i class=\"fa fa-plus\"><\/i>\u00a0Leer m\u00e1s<\/a><\/p>\n<p>Alertas por movimiento, golpes o vibraciones.<br \/>\nAlertas por manipulaci\u00f3n de chapa o arranque de motor.<br \/>\nAlertas en caso desconecten la bater\u00eda del veh\u00edculo.<\/p>\n<p>GPS con bater\u00eda de respaldo, seguir\u00e1 funcionando aunque le quiten la corriente.<br \/>\n1 Sirena de 12 voltios de tama\u00f1o compacto; pero potente.<\/p>\n<p>Acceso a una aplicaci\u00f3n libre\/gratuita cuenta con limitaciones<\/p>\n<p>Garant\u00eda por nuestro GPS de 1 a\u00f1os.<br \/>\nPrecio es para plan prepago.<br \/>\nEl cliente debe entregar un chip prepago al momento de la instalaci\u00f3n, el cual ir\u00e1 instalado dentro del GPS.<br \/>\nEl cliente debe realizar recargas virtuales al chip para que el gps pueda funcionar correctamente.<br \/>\nLas alertas por SMS funcionar\u00e1s solo si el chip cuente con saldo para SMS.<\/p>\n","protected":false},"excerpt":{"rendered":"<p>Si lo que buscas es un paquete de seguridad en 1 solo dispositivo, este es tu mejor opci\u00f3n.<\/p>\n<p>Este GPS con tecnolog\u00eda 4G es ideal para motos lineales, tama\u00f1o compacto, sensor de golpe y sirena de alarma; tambi\u00e9n recibir\u00e1s alertas en el celular.<\/p>\n","protected":false},"featured_media":898,"comment_status":"open","ping_status":"closed","template":"","meta":{"_monsterinsights_skip_tracking":false,"_monsterinsights_sitenote_active":false,"_monsterinsights_sitenote_note":"","_monsterinsights_sitenote_category":0,"jetpack_publicize_message":"","jetpack_is_tweetstorm":false,"jetpack_publicize_feature_enabled":true,"jetpack_social_post_already_shared":true,"jetpack_social_options":{"image_generator_settings":{"template":"highway","enabled":false}}},"product_cat":[50],"product_tag":[59,58,60,34],"class_list":["post-890","product","type-product","status-publish","has-post-thumbnail","hentry","product_cat-rastreogps","product_tag-gps-4g","product_tag-gps-con-alarma","product_tag-gps-mototaxi","product_tag-motos"],"jetpack_publicize_connections":[],"aioseo_notices":[],"jetpack_sharing_enabled":true,"_links":{"self":[{"href":"https:\/\/controlsatperu.com\/index.php\/wp-json\/wp\/v2\/product\/890","targetHints":{"allow":["GET"]}}],"collection":[{"href":"https:\/\/controlsatperu.com\/index.php\/wp-json\/wp\/v2\/product"}],"about":[{"href":"https:\/\/controlsatperu.com\/index.php\/wp-json\/wp\/v2\/types\/product"}],"replies":[{"embeddable":true,"href":"https:\/\/controlsatperu.com\/index.php\/wp-json\/wp\/v2\/comments?post=890"}],"wp:featuredmedia":[{"embeddable":true,"href":"https:\/\/controlsatperu.com\/index.php\/wp-json\/wp\/v2\/media\/898"}],"wp:attachment":[{"href":"https:\/\/controlsatperu.com\/index.php\/wp-json\/wp\/v2\/media?parent=890"}],"wp:term":[{"taxonomy":"product_cat","embeddable":true,"href":"https:\/\/controlsatperu.com\/index.php\/wp-json\/wp\/v2\/product_cat?post=890"},{"taxonomy":"product_tag","embeddable":true,"href":"https:\/\/controlsatperu.com\/index.php\/wp-json\/wp\/v2\/product_tag?post=890"}],"curies":[{"name":"wp","href":"https:\/\/api.w.org\/{rel}","templated":true}]}}